+ ((0 - -4) + 7 - 8) + -10
-14
What is the value of -97 + 74 - (14 + -10)?
-27
What is -671 + 705 - (1 - -17 - 0)?
16
Calculate 1 + (12 + -8 + 4 + 0 - 9).
0
What is the value of -25 + -2 + 1 + 3 + -3 + 2?
-24
What is -22 - (-26 + (16 - 6)) - (4 - -2)?
-12
What is -2 - (0 + (2 + 3 - 6))?
-1
What is the value of 1 + -43 + 22 - -6?
-14
Evaluate -9 + -8 + 20 - 0.
3
What is the value of (6 - (-2 - -6)) + -17 - (0 - 4)?
-11
What is the value of 2 + 5 + (0 - (9 + -11))?
9
Evaluate (-19 - -27) + 5 + -9 + 1.
5
What is the value of 14 - (12 - 29) - 36?
-5
12 - 16 - (-12 - -1) - (24 + -7)
-10
What is (-1 - (-11 + 29)) + 23?
4
What is (29 - 25) + (-1 + 2 - (15 - 5))?
-5
What is 8 + (-70 + 74 - (-6 + 0))?
18
Calculate (-1 + 5 - -1) + -14 - (-120 - -119).
-8
Calculate 3 + (0 - (-16 + 6 + 9)).
4
Calculate (41 - 14) + -81 + 51.
-3
Calculate 0 + -26 + (-2042 - -2100).
32
Calculate 3 - (8 + -14 + 9 - -3 - -19).
-22
Evaluate -16 + (-11 - -14) + 0 + 8.
-5
What is the value of 21 - (55 - (38 + -15))?
-11
-2 + 10 - (-2 + (13 - -8))
-11
3 + 14 + -2 + -9 - (7 - -4)
-5
What is the value of -56 + 50 - (-1 + 4 + 0 - 10)?
1
Calculate -12 - (25 - 36) - (0 + 4 - 0).
-5
Calculate (7 + -2 - -3) + (-9 - (-8 + 4)).
3
What is 5 - ((-3 - -4) + (13 - -6))?
-15
Calculate 1 + -10 + 17 + (50 - 41).
17
What is the value of -2 - -11 - (-29 + 14 - -25)?
-1
Evaluate 6 - (10 - -1 - (-15 + 6)).
-14
What is the value of ((-8 - 3) + 9 - 0) + 13?
11
Evaluate (-6 - 6 - -7) + -8 + 20.
7
-5 + (-3 - (-6 + -11 - -8))
1
What is the value of -15 + (11 - -20) + -18 + 1 + -9?
-10
Evaluate 3 + -4 + 5 + (3 - (1 - 8)).
14
Calculate 28 + -40 + 18 + -6.
0
-2 + 9 + 3 + (-25 - -1)
-14
31 + (-6 - (3 - -5))
17
What is (22 - 27) + (-9 - (13 + 2))?
-29
What is the value of (17 - 27) + 61 + -26?
25
Calculate 209 - 242 - (-20 - 3).
-10
Evaluate -3 - ((-22 - -32) + 10).
-23
Calculate (-6 - -3) + (-7 - -1 - (-22 - -20)).
-7
5 - 3 - 0 - -8 - 20
-10
Calculate -8 + 1 + 9 + -15 + -1.
-14
What is -4 - (34 + 16) - -18 - 2?
-38
What is 7 - (9 + -8 - 1 - 8)?
15
Calculate 17 + (20 - 20) + -15.
2
Evaluate (11 - 27) + 9 - (1 - 1).
-7
What is the value of (-2 - -5 - 2) + -4?
-3
Evaluate -2 + 2 + -1 - (2 - (-28 + 22)).
-9
Calculate 22 + (6 - (19 + -12 + (1 - -6))).
14
What is the value of -1 + 1 + 8 + -13 + 10?
5
Evaluate 1 + -9 - -6 - -9.
7
Evaluate -4 + -3 + (-3 - (1 - (0 + 12))).
1
Calculate (-15 - -13) + (-1 - -4) + 4 - -6.
11
Evaluate -317 - -308 - (-8 + 0).
-1
(-3 - 17) + (-9 - (-8 - 10))
-11
Evaluate 7 + 18 + -25 + 0.
0
Evaluate (-2 - 24) + 0 - (7 + -4 - 10).
-19
Calculate 6 + (-18 + 19 - 15).
-8
Evaluate -17 + -11 - 4 - -16.
-16
Calculate 7 + -18 + 3 + 2.
-6
Calculate 47 + (-25 - 6) + 2 + 3.
21
What is 12 + (-11 + 11 + 2 - 11)?
3
Evaluate -8 - (0 + -15 + 1 + -2).
8
What is the value of 3 + (0 - 0 - (-4 - (5 + -2)))?
10
Evaluate (-1 - -2) + 2 + 4 + -1 + -1.
5
What is the value of (-6 - 29 - -20) + 8?
-7
Calculate (1 + 0 + 10 - 4) + -9.
-2
-2 - (-10 - -17) - (0 - 29)
20
What is 1 - (2 + 1 - (-4 - (-3 + -10)))?
7
Evaluate 7 - (0 + (-1 - -4 - -11) - 0).
-7
-9 - (-20 + -1 + 2 + -4)
14
What is 7 - (18 + 8 + (-2 - 7) + -8)?
-2
13 - (1 + 10 + 4)
-2
-12 + (15 + -24 - -9)
-12
0 + (-10 - -1) + -6 + 3
-12
What is the value of -14 + (14 - (2 + -3)) + 6?
7
What is the value of -15 - (3 + (-10 - (-10 - -4)))?
-14
Calculate (0 - 8) + 0 + 2 + (-1508 - -1515).
1
15 + -11 + 12 + -18
-2
What is the value of 12 + -7 + -19 - -8 - (-2 + 0)?
-4
What is the value of 5 + 5 + -1 - 2?
7
What is -8 - (-7 + (-4 - -12))?
-9
Evaluate 7 + 4 + 4 - (13 + -4 - 11).
17
Evaluate (11 - (13 - 6)) + -3 - (-2 + -11).
14
What is the value of 17 + -2 - (-4 + (29 - 20) + -13)?
23
Evaluate 1 + -1 + (166 - 177).
-11
Calculate -8 + (23 - 12) + 3.
6
Calculate -7 - (-8 + 8 + -10) - -5.
8
Evaluate (0 - -2) + (8 - (6 - 1)).
5
What is the value of 3 + -11 + 1 + (-11 - (-12 - 7))?
1
What is the value of 10 + (-15 - (-2 - (13 - 10)))?
0
What is the value of 13 + -17 - (9 + 3 + -5)?
-11
-11 + 0 + 13 + (-12 - -35)
25
What is (-2 - 8 - -15 - -1) + -7?
-1
What is 16 - (-31 + -15 - -87)?
-25
What is -2 - (-16 - (14 + -39)) - (1 - -4)?
-16
-136 + 112 + (-7 - -1)
-30
Calculate 7 + (-2 - (-6 - (9 + -9))).
11
Evaluate 15 + (12 - -1 - 17).
11
Evaluate (16 - 19 - 14 - -32) + -31.
-16
What is 13 + 1 - (-23 + 21)?
16
Evaluate 0 - (0 + 3) - -2 - (71 + -76).
4
Evaluate -5 + 3 + 0 + 36 + (0 - 1).
33
2 + 0 + -5 - 4 - (-2 + 0)
-5
Evaluate -15 + (10 - (-3 + 2) - 6).
-10
Evaluate 7 + 12 - 13 - 23.
-17
Calculate -11 - (2 - (14 + -9)).
-8
Calculate 16 + (-15 - 10 - -14) + 14.
19
Calculate (2 + 8 - 6) + (-5 - -11).
10
Evaluate -18 + 11 + 2 + (-5 - -3) + -5.
-12
0 - 0 - (6 + (-3 - -5) - 11)
3
Calculate 47 + -67 + 36 - (-7 - 0).
23
What is -22 - (28 + -41 + 8)?
-17
Calculate -1 + 2 + 5 + 1 + 114 + -121.
0
What is (-22 + 20 - 9) + (4 - (2 - 6))?
-3
Evaluate 0 - -20 - (12 - (-12 + (-6 - -26))).
16
What is the value of 2868 - 2879 - ((1 - 2) + -11)?
1
Evaluate -19 - ((-24 - -4 - -14) + 8).
-21
Calculate (-4 - (-6 + 0 + (-2 - -3))) + -1.
0
What is 38 + -26 + (11 - 38)?
-15
What is the value of -21 + (-8 + -4 + 7 - (-1 + -3))?
-22
Calculate 8 + (-32 - (2 + -10 + 10)) - 3.
-29
What is -7 - (2 + 6 + -13 - -9)?
-11
-15 + (9 - 1) + 3
-4
What is -29 - (-1 + 1) - (-1475 - -1461)?
-15
What is the value of -6 + (-4 - (-7 - -1)) - (0 - 17)?
13
Evaluate 14 + (-14 + 17 + -17 - -15).
15
Calculate -15 - (3 + (-27 - -15)).
-6
Calculate 9 - (-3 + 5 + -10 + -12 + 13).
16
-2 + 2 + 5 + -23 + 2 + 3
-13
What is 9 - (5 + -26 - -34)?
-4
Evaluate 12 - 11 - 2 - (6 + -3 + 5).
-9
-1 + -21 + 27 + 0 + (-1 - 9)
-5
38 - 19 - (29 - 6)
-4
What is the value of 0 - (-1 + -1) - (21 + -6 - 9)?
-4
Evaluate -6 + -19 + 3 + 8 + 1 + -7.
-20
4 - ((25 - 23) + -12)
14
What is -16 + -5 + 10 - (-8 + -1)?
-2
2 + -3 + (10 - (-7 - (3 - 13)))
6
Calculate -9 - ((12 - 3) + 6 + -24 + 2).
-2
What is 9 + -21 - (-2 + 4 + -8) - 4?
-10
What is -58 + 63 - (-1 - (-1 + 0))?
5
What is 46 - (5 + -17 + 34)?
24
Evaluate 3 + (8 - 0) + (10 - 10).
11
What is 22 + 10 + (11 - (7 + -1))?
37
Calculate (-1 - ((-28 - -25) + (1 - 3))) + 4.
8
Calculate (3 + -32 - 6) + 60.
25
9 + 0 - (16 + -6 - 6) - -8
13
What is -12 + (29 - (38 + -45))?
24
What is 11 + 3 + (11 - (7 + -3)) + -11?
10
What is 2 + 2 + (5 - 7) + -39 + 52?
15
Calculate 0 + (-2 - (-1 - 5)) + (1 - -7).
12
Calculate 0 + (3 - -1) + -35 + 44.
13
Evaluate -30 + (-2 + 1 - -8) - -5.
-18
Calculate -14 - (11 - (9 - -2)).
-14
Evaluate (-20 - -5) + 4 + -20.
-31
Evaluate 21 + -17 + (-16 - 21).
-33
What is (-1 - -11) + (5 - 3) + 0?
12
Calculate (60 + -41 - 65) + 11.
-35
What is (11 - 14 - -6) + -11?
-8
31 - -4 - (18 + -10)
27
What is (7 - 2) + 2 + (58 - (-18 + 68))?
15
What is the value of 15 - (4 + -22 - (75 + -76))?
32
Evaluate -6 + (2 - 1) - ((45 - 78) + 40).
-12
Calculate -12 - ((-182 - -180) + (-15 - -1)).
4
Calculate -11 + 4 + (68 - 84).
-23
What is the value of -6 + (11 - 30 - (-6 + 1))?
-20
Calculate 9 + (0 - -4) + -4 + 6 + 1.
16
Calculate -32 - -40 - 12 - (-1 - -7).
-10
-21 + 33 + -40 + 25
-3
What is the value of 3 - (8 - (-1 - -8)) - -4?
6
Calculate 2 - (0 - (0 - 0) - (92 + -105)).
-11
What is the value of 29 - 22 - (-1 + -1 - 0)?
9
Evaluate (9 - (63 + -7)) + 11 + 1.
-35
What is the value of -3 + -4 + -6 + -14 + 20?
-7
Evaluate 1 + -41 - (453 - 474).
-19
Calculate (-38 - -52 - (-1 + 0)) + (5 - 15).
5
What is the value of (-79 - -26) + 51 + (16 - -1)?
15
What is -1 + ((6 - -14) + 6 - (17 + -7))?
15
What is -7 - (3 + -5) - (2 - 8 - 4)?
5
Evaluate 6 + 7 + -21 - 1.
-9
What is (21 - 0 - 40) + (0 - 0) + -10?
-29
What is the value of 8 + (9 - (27 - 40))?
30
What is -5 - (5 + -10 + 1 + (-13 - -12))?
0
What is the value of -14 + 13 + (10 - 0) - (9 + -3)?
3
What is the value of 18 + -9 + -31 - -21?
-1
-5 + 0 + (8 - (0 + 0 + -4))
7
10 - (1 + 5 - (30 + -22))
12
What is the value of (1 - 14 - -8 - -4) + 13?
12
What is 0 - 10 - (77 + -86) - (1 - 3)?
1
-33 - -4 - (8 + (8 - 2) + -15)
-28
Evaluate 28 + 24 + -29 - -1.
24
Calculate 29 + -87 + 50 + -13.
-21
What is (-8 - (13 + -8)) + 0?
-13
(9 - 4) + -21 + (-5 - (4 + -6))
-19
What is the value of 3 + 15 + -6 - 3?
9
What is the value of -81 + (20 - -72) + (0 - -13)?
24
Calculate 0 - -7 - (-281 + 304).
-16
Calculate (7 - 9) + -6 + 8.
0
What is (-3 - 24 - -16) + 28 - 46?
-29
What is -8 + 